{"id":528,"date":"2020-02-20T22:48:15","date_gmt":"2020-02-20T22:48:15","guid":{"rendered":"https:\/\/ardennenrennen.be\/?page_id=528"},"modified":"2020-02-21T12:48:24","modified_gmt":"2020-02-21T12:48:24","slug":"teaming-up","status":"publish","type":"page","link":"https:\/\/ardennenrennen.be\/fr\/teaming-up\/","title":{"rendered":"Teaming up"},"content":{"rendered":"<p><div class=\"fusion-fullwidth fullwidth-box fusion-builder-row-1 hundred-percent-fullwidth non-hundred-percent-height-scrolling\" style=\"--awb-border-radius-top-left:0px;--awb-border-radius-top-right:0px;--awb-border-radius-bottom-right:0px;--awb-border-radius-bottom-left:0px;--awb-padding-right:0px;--awb-padding-left:0px;--awb-flex-wrap:wrap;\" ><div class=\"fusion-builder-row fusion-row\"><div class=\"fusion-layout-column fusion_builder_column fusion-builder-column-0 fusion_builder_column_1_1 1_1 fusion-one-full fusion-column-first fusion-column-last\" style=\"--awb-padding-top:20px;--awb-padding-right:0px;--awb-padding-left:0px;--awb-bg-size:cover;--awb-border-color:#b2966a;--awb-border-top:2px;--awb-border-style:solid;\"><div class=\"fusion-column-wrapper fusion-column-has-shadow fusion-flex-column-wrapper-legacy\"><div class=\"fusion-clearfix\"><\/div><\/div><\/div><\/div><\/div><div class=\"fusion-fullwidth fullwidth-box fusion-builder-row-2 nonhundred-percent-fullwidth non-hundred-percent-height-scrolling\" style=\"--awb-border-radius-top-left:0px;--awb-border-radius-top-right:0px;--awb-border-radius-bottom-right:0px;--awb-border-radius-bottom-left:0px;--awb-padding-top:0px;--awb-margin-top:0px;--awb-flex-wrap:wrap;\" ><div class=\"fusion-builder-row fusion-row\"><div class=\"fusion-layout-column fusion_builder_column fusion-builder-column-1 fusion_builder_column_1_1 1_1 fusion-one-full fusion-column-first fusion-column-last\" style=\"--awb-bg-position:center bottom;--awb-bg-size:cover;\"><div class=\"fusion-column-wrapper fusion-column-has-shadow fusion-flex-column-wrapper-legacy\"><div class=\"fusion-text fusion-text-1\"><h2><strong>Teaming up &#8230;<\/strong><\/h2>\n<div id=\"ConnectiveDocSignExtentionInstalled\" data-extension-version=\"1.0.4\"><\/div>\n<\/div><div class=\"fusion-sep-clear\"><\/div><div class=\"fusion-separator fusion-full-width-sep\" style=\"margin-left: auto;margin-right: auto;width:100%;\"><\/div><div class=\"fusion-sep-clear\"><\/div><div class=\"fusion-text fusion-text-2\"><p>En tant que duo dans l\u2019organisation \u00e9v\u00e9nements automobiles depuis 1999, Fr\u00e9d\u00e9ric Peeters (Fastfred) et Micha\u00ebl Walravens (Mike), s&#8217;associe d\u00e9sormais \u00e0 des personnes exp\u00e9riment\u00e9es en Rally afin d\u2019organiser l\u2019Ardennen Rennen. Didier Lodewijcks est un pilote tr\u00e8s qualifi\u00e9 qui a commenc\u00e9 \u00e0 rouler sur piste en 1981 avec une\u2026 Coccinelle. Il \u00e9volua en suite sur une Golf GTI 8V et in\u00e9vitablement une GTI 16V a suivi. Apr\u00e8s quoi s\u2019enchain\u00e8rent Lotus, Sierra Cosworth, BMW M3. Depuis 2008, Didier conna\u00eet les joies du Rallye, en participant plus de 10 fois aux Monte Carlo Classic, Costa Brava, Classic Spring Roads et autres rallyes Belges avec une Fiat Moretti. Didier est toujours instructeur de pilotes de circuits, et a m\u00eame une victoire en tant que team manager de l&#8217;\u00e9quipe Maxime Martin &#8211; Maxime Soulet et Nico Verdonck dans la c\u00e9l\u00e8bre course 25 Heures VW FUN CUP. Didier est moniteur de conduite chez Jaguar, Land Rover, Alfa-Rom\u00e9o, Volvo et Bentley, Lamborghini, Audi pour le groupe VAG.<\/p>\n<p>Le projet automobile sur lequel travaille actuellement Didier est une Scirocco GTI MK1 1979 au groupe 2 de 1979.<\/p>\n<\/div><div class=\"awb-gallery-wrapper awb-gallery-wrapper-1 button-span-no\"><div style=\"margin:-5px;--awb-bordersize:0px;\" class=\"fusion-gallery fusion-gallery-container fusion-grid-3 fusion-columns-total-1 fusion-gallery-layout-grid fusion-gallery-1\"><div style=\"padding:5px;\" class=\"fusion-grid-column fusion-gallery-column fusion-gallery-column-3 hover-type-none\"><div class=\"fusion-gallery-image\"><a href=\"https:\/\/ardennenrennen.be\/wp-content\/uploads\/2019\/10\/teamingup.png\" rel=\"noreferrer\" data-rel=\"iLightbox[gallery_image_1]\" class=\"fusion-lightbox\" target=\"_self\"><img decoding=\"async\" src=\"https:\/\/ardennenrennen.be\/wp-content\/uploads\/2019\/10\/teamingup.png\" width=\"1135\" height=\"639\" alt=\"\" title=\"teamingup\" aria-label=\"teamingup\" class=\"img-responsive wp-image-179\" srcset=\"https:\/\/ardennenrennen.be\/wp-content\/uploads\/2019\/10\/teamingup-200x113.png 200w, https:\/\/ardennenrennen.be\/wp-content\/uploads\/2019\/10\/teamingup-400x225.png 400w, https:\/\/ardennenrennen.be\/wp-content\/uploads\/2019\/10\/teamingup-600x338.png 600w, https:\/\/ardennenrennen.be\/wp-content\/uploads\/2019\/10\/teamingup-800x450.png 800w, https:\/\/ardennenrennen.be\/wp-content\/uploads\/2019\/10\/teamingup.png 1135w\" sizes=\"(min-width: 2200px) 100vw, (min-width: 784px) 363px, (min-width: 712px) 545px, (min-width: 640px) 712px, \" \/><\/a><\/div><\/div><\/div><\/div><div class=\"fusion-text fusion-text-3\"><p>La Volkswagen Coccinelle, avec qui tout a commenc\u00e9 pour Didier Lodewijckx, dans sa livr\u00e9e 1981.<br \/>\n* dessin de Clovis<\/p>\n<\/div><div class=\"fusion-clearfix\"><\/div><\/div><\/div><\/div><\/div><div class=\"fusion-fullwidth fullwidth-box fusion-builder-row-3 fusion-parallax-none hundred-percent-fullwidth non-hundred-percent-height-scrolling\" style=\"--awb-border-radius-top-left:0px;--awb-border-radius-top-right:0px;--awb-border-radius-bottom-right:0px;--awb-border-radius-bottom-left:0px;--awb-padding-top:120px;--awb-padding-bottom:0px;--awb-margin-top:60px;--awb-margin-bottom:0px;--awb-background-image:url(&quot;https:\/\/ardennenrennen.be\/wp-content\/uploads\/2019\/09\/dennen3.png&quot;);--awb-background-size:cover;--awb-flex-wrap:wrap;\" ><div class=\"fusion-builder-row fusion-row\"><div class=\"fusion-layout-column fusion_builder_column fusion-builder-column-2 fusion_builder_column_1_1 1_1 fusion-one-full fusion-column-first fusion-column-last\" style=\"--awb-padding-top:100px;--awb-padding-bottom:0px;--awb-bg-size:cover;--awb-margin-bottom:0px;\"><div class=\"fusion-column-wrapper fusion-column-has-shadow fusion-flex-column-wrapper-legacy\"><div class=\"fusion-clearfix\"><\/div><\/div><\/div><\/div><\/div><\/p>\n","protected":false},"excerpt":{"rendered":"","protected":false},"author":1,"featured_media":0,"parent":0,"menu_order":0,"comment_status":"closed","ping_status":"closed","template":"100-width.php","meta":{"_acf_changed":false,"footnotes":""},"class_list":["post-528","page","type-page","status-publish","hentry"],"acf":[],"_links":{"self":[{"href":"https:\/\/ardennenrennen.be\/fr\/wp-json\/wp\/v2\/pages\/528","targetHints":{"allow":["GET"]}}],"collection":[{"href":"https:\/\/ardennenrennen.be\/fr\/wp-json\/wp\/v2\/pages"}],"about":[{"href":"https:\/\/ardennenrennen.be\/fr\/wp-json\/wp\/v2\/types\/page"}],"author":[{"embeddable":true,"href":"https:\/\/ardennenrennen.be\/fr\/wp-json\/wp\/v2\/users\/1"}],"replies":[{"embeddable":true,"href":"https:\/\/ardennenrennen.be\/fr\/wp-json\/wp\/v2\/comments?post=528"}],"version-history":[{"count":2,"href":"https:\/\/ardennenrennen.be\/fr\/wp-json\/wp\/v2\/pages\/528\/revisions"}],"predecessor-version":[{"id":530,"href":"https:\/\/ardennenrennen.be\/fr\/wp-json\/wp\/v2\/pages\/528\/revisions\/530"}],"wp:attachment":[{"href":"https:\/\/ardennenrennen.be\/fr\/wp-json\/wp\/v2\/media?parent=528"}],"curies":[{"name":"wp","href":"https:\/\/api.w.org\/{rel}","templated":true}]}}

<p><div class="fusion-fullwidth fullwidth-box fusion-builder-row-1 hundred-percent-fullwidth non-hundred-percent-height-scrolling" style="--awb-border-radius-top-left:0px;--awb-border-radius-top-right:0px;--awb-border-radius-bottom-right:0px;--awb-border-radius-bottom-left:0px;--awb-padding-right:0px;--awb-padding-left:0px;--awb-flex-wrap:wrap;" ><div class="fusion-builder-row fusion-row"><div class="fusion-layout-column fusion_builder_column fusion-builder-column-0 fusion_builder_column_1_1 1_1 fusion-one-full fusion-column-first fusion-column-last" style="--awb-padding-top:20px;--awb-padding-right:0px;--awb-padding-left:0px;--awb-bg-size:cover;--awb-border-color:#b2966a;--awb-border-top:2px;--awb-border-style:solid;"><div class="fusion-column-wrapper fusion-column-has-shadow fusion-flex-column-wrapper-legacy"><div class="fusion-clearfix"></div></div></div></div></div><div class="fusion-fullwidth fullwidth-box fusion-builder-row-2 nonhundred-percent-fullwidth non-hundred-percent-height-scrolling" style="--awb-border-radius-top-left:0px;--awb-border-radius-top-right:0px;--awb-border-radius-bottom-right:0px;--awb-border-radius-bottom-left:0px;--awb-padding-top:0px;--awb-margin-top:0px;--awb-flex-wrap:wrap;" ><div class="fusion-builder-row fusion-row"><div class="fusion-layout-column fusion_builder_column fusion-builder-column-1 fusion_builder_column_1_1 1_1 fusion-one-full fusion-column-first fusion-column-last" style="--awb-bg-position:center bottom;--awb-bg-size:cover;"><div class="fusion-column-wrapper fusion-column-has-shadow fusion-flex-column-wrapper-legacy"><div class="fusion-text fusion-text-1"><h2><strong>Teaming up &#8230;</strong></h2>
<div id="ConnectiveDocSignExtentionInstalled" data-extension-version="1.0.4"></div>
</div><div class="fusion-sep-clear"></div><div class="fusion-separator fusion-full-width-sep" style="margin-left: auto;margin-right: auto;width:100%;"></div><div class="fusion-sep-clear"></div><div class="fusion-text fusion-text-2"><p>En tant que duo dans l’organisation événements automobiles depuis 1999, Frédéric Peeters (Fastfred) et Michaël Walravens (Mike), s&#8217;associe désormais à des personnes expérimentées en Rally afin d’organiser l’Ardennen Rennen. Didier Lodewijcks est un pilote très qualifié qui a commencé à rouler sur piste en 1981 avec une… Coccinelle. Il évolua en suite sur une Golf GTI 8V et inévitablement une GTI 16V a suivi. Après quoi s’enchainèrent Lotus, Sierra Cosworth, BMW M3. Depuis 2008, Didier connaît les joies du Rallye, en participant plus de 10 fois aux Monte Carlo Classic, Costa Brava, Classic Spring Roads et autres rallyes Belges avec une Fiat Moretti. Didier est toujours instructeur de pilotes de circuits, et a même une victoire en tant que team manager de l&#8217;équipe Maxime Martin &#8211; Maxime Soulet et Nico Verdonck dans la célèbre course 25 Heures VW FUN CUP. Didier est moniteur de conduite chez Jaguar, Land Rover, Alfa-Roméo, Volvo et Bentley, Lamborghini, Audi pour le groupe VAG.</p>
<p>Le projet automobile sur lequel travaille actuellement Didier est une Scirocco GTI MK1 1979 au groupe 2 de 1979.</p>
</div><div class="awb-gallery-wrapper awb-gallery-wrapper-1 button-span-no"><div style="margin:-5px;--awb-bordersize:0px;" class="fusion-gallery fusion-gallery-container fusion-grid-3 fusion-columns-total-1 fusion-gallery-layout-grid fusion-gallery-1"><div style="padding:5px;" class="fusion-grid-column fusion-gallery-column fusion-gallery-column-3 hover-type-none"><div class="fusion-gallery-image"><a href="https://ardennenrennen.be/wp-content/uploads/2019/10/teamingup.png" rel="noreferrer" data-rel="iLightbox[gallery_image_1]" class="fusion-lightbox" target="_self"><img decoding="async" src="https://ardennenrennen.be/wp-content/uploads/2019/10/teamingup.png" width="1135" height="639" alt="" title="teamingup" aria-label="teamingup" class="img-responsive wp-image-179" srcset="https://ardennenrennen.be/wp-content/uploads/2019/10/teamingup-200x113.png 200w, https://ardennenrennen.be/wp-content/uploads/2019/10/teamingup-400x225.png 400w, https://ardennenrennen.be/wp-content/uploads/2019/10/teamingup-600x338.png 600w, https://ardennenrennen.be/wp-content/uploads/2019/10/teamingup-800x450.png 800w, https://ardennenrennen.be/wp-content/uploads/2019/10/teamingup.png 1135w" sizes="(min-width: 2200px) 100vw, (min-width: 784px) 363px, (min-width: 712px) 545px, (min-width: 640px) 712px, " /></a></div></div></div></div><div class="fusion-text fusion-text-3"><p>La Volkswagen Coccinelle, avec qui tout a commencé pour Didier Lodewijckx, dans sa livrée 1981.<br />
* dessin de Clovis</p>
</div><div class="fusion-clearfix"></div></div></div></div></div><div class="fusion-fullwidth fullwidth-box fusion-builder-row-3 fusion-parallax-none hundred-percent-fullwidth non-hundred-percent-height-scrolling" style="--awb-border-radius-top-left:0px;--awb-border-radius-top-right:0px;--awb-border-radius-bottom-right:0px;--awb-border-radius-bottom-left:0px;--awb-padding-top:120px;--awb-padding-bottom:0px;--awb-margin-top:60px;--awb-margin-bottom:0px;--awb-background-image:url(&quot;https://ardennenrennen.be/wp-content/uploads/2019/09/dennen3.png&quot;);--awb-background-size:cover;--awb-flex-wrap:wrap;" ><div class="fusion-builder-row fusion-row"><div class="fusion-layout-column fusion_builder_column fusion-builder-column-2 fusion_builder_column_1_1 1_1 fusion-one-full fusion-column-first fusion-column-last" style="--awb-padding-top:100px;--awb-padding-bottom:0px;--awb-bg-size:cover;--awb-margin-bottom:0px;"><div class="fusion-column-wrapper fusion-column-has-shadow fusion-flex-column-wrapper-legacy"><div class="fusion-clearfix"></div></div></div></div></div></p>
